s divided by -7*(-442)/(-119) - -193.
96
Let k(h) = -73*h - 9. Let y be k(-1). Suppose -3*m = 22 - y. Calculate the remainder when 26 is divided by m.
12
Let m(h) be the second derivative of h**4/3 - 5*h**3 - 3*h**2/2 - 4*h + 3. What is the remainder when m(16) is divided by 34?
31
Suppose j + 4*x = 113, -2*x + 1 = 11. Calculate the remainder when j is divided by 14/((1/(-4))/(30/(-24))).
63
Let x = 205 - -311. Suppose 0 = -59*q + x + 310. Let i = 127 - 58. Calculate the remainder when i is divided by q.
13
Suppose r - 23*q + 27*q = 23, -q = -5*r + 31. Calculate the remainder when 2035 is divided by r.
5
Let p = -42 + 76. Let t(w) = -82*w**3 + 3*w**2 + 81*w**3 + 24 + 8*w - 8*w**2. What is the remainder when t(-7) is divided by p?
32
Suppose 3*l - 124 = -l. Let f = -3977 + 3984. Calculate the remainder when l is divided by f.
3
Suppose 4*r = 6*v - v + 43, 0 = -4*v + 3*r - 34. Calculate the remainder when 73 is divided by (6/(-35) + 32/(-80))*v.
1
Let u = -7322 + 7421. What is the remainder when 1187 is divided by u?
98
Let i be 4/(-32)*-2*16/1. Let n(j) = j**2 + 3*j + 3. Let f be n(-3). Suppose 2*c = -i*t + 88, f*t - 59 = c - 6*c. What is the remainder when 68 is divided by t?
22
Suppose 0 = -24*r - 1074 + 210. Suppose -o - 6 = -1. Let z = o - r. What is the remainder when 60 is divided by z?
29
Let o = -668 + 670. Calculate the remainder when (8/4)/((-4)/(-58)) is divided by o.
1
Suppose 5*f - 62 = -4*l, -2*f - 5*l + 60 = 25. Suppose -3 + 11 = 2*k. Suppose -3*z = -4*v + 113, v + z - 35 = k*z. What is the remainder when v is divided by f?
6
Let m be ((253*-5)/(-5))/1. Suppose -m = -8*k - 117. What is the remainder when 84 is divided by k?
16
Let i be (1/3)/((-9)/135*5). Let h be i*1 - 85/(-17). Suppose -t - h*m + 14 = 0, 0 = 4*t + 2*m - 7*m - 14. Calculate the remainder when 22 is divided by t.
4
Let m(v) be the second derivative of v**5/20 - v**4/12 + v**3/6 + v**2/2 - 2*v. Suppose -44*o + 77 = -43*o. What is the remainder when o is divided by m(3)?
11
Suppose -28*c = 1081 - 4777. What is the remainder when c is divided by 47?
38
Suppose 124789*k - 124801*k + 324 = 0. Calculate the remainder when k is divided by 10.
7
Let w(k) = 2*k**2 + 5*k + 1. Let t be w(-2). Let n(a) = 12*a**2 + 3*a + 5 - 2 + 4*a**2 - 1. What is the remainder when 59 is divided by n(t)?
14
Suppose 3138 = 4183*r - 143267. What is the remainder when (47 - -1)*(2 - 0) is divided by r?
26
Let j(n) = n**3 - 25*n**2 + 46*n + 25. Let a = 40 + -83. Let k = -36 - a. What is the remainder when j(23) is divided by k?
4
Let y(d) = 147*d**2 - 4*d + 21. Let v be y(2). Let f = v + -545. What is the remainder when f is divided by 2?
0
Suppose 5*p - 53 = -c, -31*c - p = -36*c + 187. Let n be (-5 + -2)*12/7. What is the remainder when 3*((-596)/n)/1 is divided by c?
35
Let b(a) = -119*a + 484. Calculate the remainder when ((-92)/69)/(4/(-426)) is divided by b(4).
6
Calculate the remainder when 11 is divided by 0 + -1 - (-101 - -93).
4
Suppose 29 = -j + 35. Suppose j = -15*x + 18*x. Suppose m - 58 = -2*w - 4*m, 2*w = x*m + 86. What is the remainder when w is divided by 10?
9
Calculate the remainder when 304 is divided by ((-14)/(-2) - 8 - -5) + 99.
98
Let h(a) be the third derivative of 7*a**5/60 - 3*a**4/8 + 3*a**3/2 + 19*a**2. What is the remainder when h(2) is divided by 4?
3
Suppose -203 = -11*b - 49. Calculate the remainder when 300 is divided by b.
6
Let h = 52 + -23. Let z = h + -37. What is the remainder when (z/(-6))/(32/1488) is divided by 16?
14
Let j(m) = -33*m**3 - 2*m**2 + 11*m - 6. Let z(w) = w**2 - w + 1. Let p(d) = j(d) + 5*z(d). What is the remainder when p(-2) is divided by 12?
11
Suppose -5*m - w + 25 = 0, 0 = 6*m - 3*m + 3*w - 15. Let q(a) = 5*a**2 - 11*a - 2. Calculate the remainder when q(m) is divided by 28.
12
Let k(r) = 16*r**2 - 2*r + 3. Suppose 2*y - 18 = 2*c, 5*y = -7*c + 3*c + 63. What is the remainder when k(2) is divided by y?
8
Calculate the remainder when 67 is divided by (-8)/2*77/(-28).
1
Let l = 114 - 80. Suppose 38*s - 720 = l*s. Suppose s = w + 4*w. Calculate the remainder when w is divided by 14.
8
Calculate the remainder when 767 + -7*(4 - 2) is divided by 251.
0
Let m(q) = -48*q - 86. Let x be m(-1). Let r(h) = -6*h - 214. What is the remainder when 236 is divided by r(x)?
12
Suppose -337*b = -14*b - 75259. Calculate the remainder when 938 is divided by b.
6
Let s(h) = -17*h + 86. Let k(c) = -2*c + 22. Calculate the remainder when s(2) is divided by k(-9).
12
Let o(x) = -542*x - 1062. Calculate the remainder when 26 is divided by o(-2).
4
Let x(i) = i**3 - 13*i**2 - 226*i - 48. Calculate the remainder when x(24) is divided by 258.
90
Let h(n) = n**2 - 5*n + 6. Let x be h(4). Suppose 5*o - 166 + 38 = -x*c, c - 65 = -3*o. Calculate the remainder when (-5)/(10/(-684)) - (-63)/7 is divided by c.
56
Let t(y) be the third derivative of 13*y**4/12 + 341*y**3/6 - y**2 + 26. Calculate the remainder when t(-8) is divided by 27.
25
Let o = -97 - -67. Let t be (-50)/(-20)*(-16)/o*3. Suppose 4*n - 48 = 2*i, i + t*i + 8 = 2*n. What is the remainder when 95 is divided by n?
11
Let g = -37 - -36. Let x be (-2)/1 + (g - -7). Suppose 5*k - k = -3*d + 43, -54 = -5*k - x*d. Calculate the remainder when k is divided by 3.
1
Calculate the remainder when 127*(-3 - -13)/10 is divided by 15.
7
Let b(l) = 3*l. Suppose 3*t = -2*j + 179, -t - 38*j - 15 = -42*j. Calculate the remainder when t is divided by b(4).
1
Let n(k) = k**3 + 31*k**2 - 14*k + 172. Calculate the remainder when n(-31) is divided by 15/5 + -2 + 121.
118
Suppose 3*p - t = -6*t + 32, 0 = -2*p - 4*t + 22. Suppose 0 = p*o - 4*o + 10. What is the remainder when 54 + 0 - (o + 1) is divided by 30?
25
What is the remainder when 179 is divided by (-7 - 2/24*20)*-3?
23
Suppose 0 = 4*r + 44 - 4. Let x(z) = -z - 5. Let v be x(r). Suppose 2*n - 3*n = m - 136, -v*m = -n + 106. What is the remainder when n is divided by 33?
32
Let o(b) = 2*b**2 - 9*b - 66. Let v be o(14). Suppose 41*x - v = 36*x + 2*a, -a - 79 = -2*x. What is the remainder when 196 is divided by x?
28
Suppose 1620 = -1119*j + 1389*j. Let x = -9 - -65. Suppose 7*y + l - x = 3*y, 0 = 2*y - 4*l - 28. Calculate the remainder when y is divided by j.
2
Suppose -o - 4*g + 106 + 3 = 0, 0 = 4*o + 3*g - 423. Calculate the remainder when o is divided by 13.
1
Suppose -9*q + 703 = 404 - 538. Calculate the remainder when 449 is divided by q.
77
Suppose -9*u - 21*u = -300. Calculate the remainder when 539 is divided by 2/1 + 0/8 + u.
11
Suppose 8*y = 3*y + 185. Suppose 247 - 350 - 465 = -8*j. Calculate the remainder when j is divided by y.
34
Suppose -6*k + 2*k = 5*d - 227, -4*d = -4*k - 196. Let h = -7 + 146. What is the remainder when h is divided by d?
45
Calculate the remainder when (-3246)/8*(-368)/276 + -2*1 is divided by 173.
20
Let g = -88 - -124. Suppose -4*c - y + 4123 = -4*y, -3*y = -9. Let t = 1047 - c. Calculate the remainder when g is divided by t.
8
Let z = -2875 - -2887. What is the remainder when 19810 is divided by z?
10
Let p(y) = 4*y**2 + 136*y + 25. Let t be p(-34). Suppose x = f + 12, -3 = -4*x - f + t. What is the remainder when 11 is divided by x?
3
Suppose 0 = 43*m - 17*m - 20*m - 516. Calculate the remainder when 7223 is divided by m.
85
Let v = 7354 - 6654. Let d be 0/2*(-1 - 0). Suppose -6*s - 4*s + v = d. Calculate the remainder when s is divided by 19.
13
Let t(g) = g**3 - 54*g**2 + 71*g - 513. What is the remainder when t(53) is divided by 148?
145
Suppose -y - 148 = -3*y. Suppose -28 + 4 = -6*u. Suppose 2*s - 50 = -4*v, 37 = 5*v + u*s - 18. What is the remainder when y is divided by v?
14
Suppose 45 - 10 = 7*p. Suppose -3*m - 35 = -p*b, m - 2*m + 14 = 2*b. Suppose -b*z + 16 = 9. What is the remainder when 6 is divided by z?
0
What is the remainder when 240 is divided by 14/105*-3 + 222/30?
2
Let z = -845 - -683. Let f = 183 + z. Calculate the remainder when 101 is divided by f.
17
Let i(c) = 14*c**2 + 2157*c + 249. Let z = -3 - -3. Suppose 2*o - 64 - 2 = z. Calculate the remainder when i(-154) is divided by o.
29
Suppose -12 = -2*f - 2*t + 62, f - 7 = 5*t. Let u(j) = 0*j**2 - 33 + 3*j + f + j**2. Calculate the remainder when 112 is divided by u(-8).
34
Let i be 70/4 - 47/(-94). What is the remainder when 238 is divided by 15308/387 + 